n 42 is divided by u?
10
Calculate the remainder when 325 is divided by (7/(-84)*-123)/(2/8).
38
Let p = 5004 - 4968. Calculate the remainder when -1*(1 - 109 - -1) is divided by p.
35
Let v = -22 - -27. Suppose 0 = 2*c - 9 - 55. What is the remainder when c is divided by v?
2
Let u(v) = 7*v - 5. Suppose 4*h = 2 + 10. Let o be u(h). What is the remainder when 93 is divided by (-18)/((84/o)/(-7))?
21
Let f(c) = c**2 - c. Let q be 9/3*(-2)/6. Let l be f(q). Suppose l*t + 3*t - 75 = 0. Calculate the remainder when t is divided by 9.
6
Suppose -4 = 4*u - 0. Let j(q) = -q**2 - 11*q - 15. What is the remainder when j(-8) is divided by u/(-1) + 4/2?
0
Suppose -93 = -5*u - y, 2*u = 3*u + 3*y - 13. What is the remainder when 90 is divided by u?
14
Let z be ((-42)/12)/((-1)/2). Suppose -2*q + z*q + 4*y - 43 = 0, -8 = -q - y. Calculate the remainder when 0*2/6 + 19 is divided by q.
8
Let d(t) = t**3 - 3*t**2 + 4*t - 8. Let k be (-4)/(-14) - (-329)/49. Let s be d(k). Suppose 32 = -8*j + s. What is the remainder when 44 is divided by j?
21
Let k = 1081 - 672. Calculate the remainder when k is divided by 52.
45
Suppose -10 = -2*s + 5*m, 3*s - 2*m - 13 + 9 = 0. Suppose 5*i - 6*i - 5 = -3*o, s = -2*i + 2*o + 10. What is the remainder when 56 is divided by i?
6
Let o be -4*2/(-8) - -92. Let w = -48 + o. Calculate the remainder when w is divided by 7.
3
Suppose -3*u - 8 + 71 = 0. Suppose u = 2*z - 33. Calculate the remainder when 104 is divided by z.
23
Let i = 0 + -3. Let g(l) = l**2 + 14*l + 27. Let b be g(-11). Calculate the remainder when 28 is divided by (-16)/i + (-4)/b.
4
Suppose 4*o = -v + 5, -o + 2 = -v + 7. Suppose 6*g = v*g + 6. Calculate the remainder when 21 is divided by g.
3
Suppose 3*x - 5 + 2 = 2*s, 0 = 5*s + 3*x - 24. Suppose 3*f = 2*y - 44, -4 = 2*f - s*f. What is the remainder when y is divided by 18?
10
Let i = 175 - 82. Suppose 3*x = 9 + 9. What is the remainder when i is divided by x?
3
Let w(k) = k**2 - 5*k - 2. Let u = -1 - 8. Let g = 19 + u. What is the remainder when g is divided by w(6)?
2
Suppose -23*y = -1670 - 1941. What is the remainder when y is divided by 40?
37
Suppose 7 = -p + 4. Calculate the remainder when 62 is divided by 1/p - (-84)/9.
8
Calculate the remainder when (12/(-36) - 266/(-6))*2 is divided by 34.
20
Let z be (30/9)/(8/12). Let i(q) = -q**3 + 2*q**3 + 11 - 6*q + z*q - 8*q**2. What is the remainder when 8 is divided by i(8)?
2
Let n(z) = 10*z**2 + 6*z - 4. Calculate the remainder when n(-3) is divided by (-6)/(-42) + (-96)/(-14).
5
What is the remainder when 137 is divided by (16 - (3 + 40/(-15)))*3?
43
Let i(y) = -y**3 - 5*y**2 + 8*y - 10. Let h be i(-7). What is the remainder when 115 is divided by h + 4/4*-2?
25
Calculate the remainder when 155 is divided by 1495/(-46)*6/(-5).
38
Let k = -250 + 281. What is the remainder when 59 is divided by k?
28
Suppose -17*s = -170 - 34. Let w(f) = -3 + 3*f - 18*f - 9*f. What is the remainder when w(-2) is divided by s?
9
Suppose d = -4*c + 4, 2*d - 4*c = 6 + 50. Let q = 109 - 21. Let x = q + -31. What is the remainder when x is divided by d?
17
Suppose 4*j - 4*w + 0 = -4, 23 = 5*j + 2*w. Suppose -42 = -j*c + 57. Calculate the remainder when c is divided by 108/8*12/18.
6
Let r(v) = -25*v - 141. Calculate the remainder when 48 is divided by r(-6).
3
Suppose -252 = -5*w - 3*i, -4*i + 14 + 2 = 0. Calculate the remainder when 191 is divided by w.
47
Suppose -2*s = 2*x - 154, -4*x = 3*s - 2*x - 229. Let b be (-5)/(-20) - ((-193)/(-4) + 3). Let p = s + b. What is the remainder when p is divided by 13?
11
Let u(l) = 3*l + 1. Let w be u(-1). Let a = w + 18. What is the remainder when 63 is divided by a?
15
Let y(a) = -a**3 + 4*a**2 + a. Suppose -33*u + 4 = -31*u. Suppose 7*h - 45 = -u*h. What is the remainder when y(3) is divided by h?
2
Let m(k) = k**3 + 1. Let c be m(0). Suppose -f = c - 3. What is the remainder when 24 is divided by (14 - -1 - f)*1?
11
Calculate the remainder when 8 - (-6 + 16 + -5) - -30 is divided by 21.
12
Let i be (-3 - 3/(36/(-16)))*-27. Let p = i + -27. What is the remainder when p is divided by 8?
2
Suppose b - 3 = -2*s, -21 + 4 = -4*b - 3*s. Let j = -13 + 34. Calculate the remainder when j is divided by b.
1
Let j(o) = -196*o - 583. What is the remainder when j(-6) is divided by 101?
88
Suppose -7*l = -4*l - 42. Suppose 0 = 3*j - 4*r - 12, 5*j - 4*r = 18 + 2. Calculate the remainder when l is divided by j.
2
Suppose a = -4*u + 3*a - 4, 3*u = 4*a - 3. Let q be (u/(-3))/((-1)/(-15)). Let l = q - -8. Calculate the remainder when 22 is divided by l.
9
Suppose 5*m + 2*j = 360, -34*m - 5*j = -38*m + 321. Let k = -19 + 38. Calculate the remainder when m is divided by k.
17
Let o = -285 + 352. Calculate the remainder when o is divided by 10.
7
Calculate the remainder when 1204 is divided by 1/(-2) - 3996/(-216).
16
Let r = 1010 - 710. Calculate the remainder when r is divided by 18.
12
Suppose -4*n = -2*n - 8. Let i = n - 0. Calculate the remainder when (15 - 2) + (-17)/(102/18) is divided by i.
2
Let k(d) = -d**3 + 14*d**2 - 20*d - 9. What is the remainder when 311 is divided by k(12)?
38
Let b = -78 - -111. Suppose 6*o - 196 = 4*o. What is the remainder when o is divided by b?
32
Suppose -3 = -c, -l - c + 93 + 38 = 0. Suppose -145 = -3*y + 4*g, y - 4*g + 3*g - 47 = 0. What is the remainder when l is divided by y?
42
Suppose 0 = 2973*v - 2959*v - 518. What is the remainder when 90 is divided by v?
16
Let u(x) = x**2 + 19*x + 63. Calculate the remainder when 18 is divided by u(-3).
3
Let t = 49 - 45. Let o(h) = h**3 - 2*h**2 - 4*h - 6. Let x(r) = -4*r. Calculate the remainder when o(t) is divided by x(-1).
2
Suppose 4*h - 2 = 3*x - 20, 0 = -5*h - x - 32. Suppose 43 = 4*j + 19. What is the remainder when (-138)/(-8) - h/(-24) is divided by j?
5
Suppose 4*x + 18*l - 16*l - 1314 = 0, 5*x - 1650 = -4*l. Calculate the remainder when x is divided by 11.
7
Let r = -843 - -924. Calculate the remainder when r is divided by 42.
39
Let s = -11 - -16. Suppose s*r = 44 + 21. Let o(l) = l**3 + 17*l**2 + 16*l + 49. Calculate the remainder when o(-16) is divided by r.
10
Suppose -144 = -23*b - 6. Calculate the remainder when 274 is divided by b.
4
Suppose w + w - 10 = -g, -2*g - 16 = -5*w. Suppose -c + g*c = 46. Calculate the remainder when c is divided by 12.
10
Let i(o) = 14*o + 219. What is the remainder when i(8) is divided by 56?
51
Suppose 9 = c - 7. Suppose 0 = t - 3*l - 13, 3*t - t - l - 51 = 0. Calculate the remainder when t is divided by c.
12
Let s = 150 - 102. Let h = -25 + s. What is the remainder when 66 is divided by h?
20
Calculate the remainder when (383/(-4))/(((-45)/(-12))/(-15)) is divided by 125.
8
Suppose 6*v = 21 + 27. What is the remainder when 15 is divided by v?
7
Suppose -3*c + 5*i + 4 = 0, -2*i = 4*c + i - 15. Let k(v) = -v + 7. Let p be k(-8). Suppose p + 0 = 5*h. What is the remainder when h is divided by c?
0
Suppose 0 = 13*w - 95 - 152. Calculate the remainder when 49 is divided by w.
11
Let o = 102 - 54. Suppose -o = 5*y - 258. What is the remainder when y is divided by 15?
12
Let y = -30 + 60. Let v = y - 19. What is the remainder when (0 - 70/25)/(2/(-30)) is divided by v?
9
Suppose 0 = -3*n + n + 18. Suppose -187 = -2*o - n. Let z(b) = b**3 - 32*b**2 + 231*b + 15. Calculate the remainder when o is divided by z(11).
14
What is the remainder when (-376)/(-10)*290/116 is divided by 46?
2
Suppose 4*i + 27 - 15 = 0, 5*l - 87 = 4*i. Calculate the remainder when 207 is divided by l.
12
Let v(r) = 60*r**3 - 2*r**2 - 4*r - 3. Let t be v(-1). Let f = t + 130. Let n(k) = k**2 - 1. What is the remainder when f is divided by n(-6)?
34
Let l(n) = n. Let q be l(2). Suppose q*r - 48 = -r. What is the remainder when 46 is divided by r?
14
Suppose 4*y = 4*a + 117 + 75, y - 3*a - 44 = 0. Calculate the remainder when 187 is divided by y.
37
Let m(d) = d**3 - 2*d**2 + 8*d - 37. Calculate the remainder when 854 is divided by m(5).
74
Suppose 19*x = 49 + 521. Suppose 20 = k + 3*k. Suppose b + 5*m = 5*b - 42, b = k*m + 18. Calculate the remainder when x is divided by b.
6
What is the remainder when 48 is divided by ((-32)/24)/(1/(-21))?
20
Suppose -4*a + 5*b = -1606, -a + 2*b = -6*a + 2024. What is the remainder when a is divided by 15?
14
Let b = -48 + 57. W